{"id":16,"date":"2013-11-28T19:26:49","date_gmt":"2013-11-28T19:26:49","guid":{"rendered":"http:\/\/tsv-benshausen.de\/?page_id=16"},"modified":"2020-03-09T20:12:19","modified_gmt":"2020-03-09T20:12:19","slug":"verein","status":"publish","type":"page","link":"https:\/\/tsv-benshausen.de\/?page_id=16","title":{"rendered":"Verein"},"content":{"rendered":"<p>Der TSV 1883 Benshausen e.V. geh\u00f6rt mit deutlich \u00fcber 300 Mitgliedern in 10 Abteilungen zu den gr\u00f6\u00dften Vereinen des Landkreises Schmalkalden-Meiningen. Damit sind ca. 10% der Bensh\u00e4user Bev\u00f6lkerung in unserem Verein sportlich organisiert.<\/p>\n<p>Ein eigener Sportplatz mit Fu\u00dfballplatz, Laufbahn und Sprunggrube sowie einer Schanze f\u00fcr unsere jungen Wintersportler bieten vielf\u00e4ltige Sportm\u00f6glichkeiten unter freiem Himmel.<\/p>\n<p>Zum Aufw\u00e4rmen im Winter oder Erfrischen im Sommer steht direkt auf dem Sportplatzgel\u00e4nde unser Sportlerheim mit einem engagierten Team bereit.<\/p>\n<p>In der 2010 umfassend modernisierten Sporthalle finden weitere Abteilungen ihr Zuhause. Jung und alt trainieren hier regelm\u00e4\u00dfig in der Halle, dem Kampfsportraum oder auch auf der Kegelbahn.<\/p>\n<p>F\u00fcr die hei\u00dfen Tage bietet Benshausen zudem ein modernes beheiztes Schwimmbad, dass auch durch unsere Sportler rege genutzt wird.<\/p>\n\n\n<h2 class=\"wp-block-heading\">Abteilungen<\/h2>\n\n\n\n<ul class=\"wp-block-list\"><li><a rel=\"noreferrer noopener\" aria-label=\"Badminton (\u00f6ffnet in neuem Tab)\" href=\"https:\/\/tsv-benshausen.de\/?page_id=32\" target=\"_blank\">Badminton<\/a><\/li><li><a href=\"https:\/\/tsv-benshausen.de\/?page_id=34\" target=\"_blank\" rel=\"noreferrer noopener\" aria-label=\"Breitensport (\u00f6ffnet in neuem Tab)\">Breitensport<\/a><\/li><li><a href=\"https:\/\/tsv-benshausen.de\/?page_id=36\" target=\"_blank\" rel=\"noreferrer noopener\" aria-label=\"Fu\u00dfball (\u00f6ffnet in neuem Tab)\">Fu\u00dfball<\/a><\/li><li><a href=\"https:\/\/tsv-benshausen.de\/?page_id=38\" target=\"_blank\" rel=\"noreferrer noopener\" aria-label=\"Judo (\u00f6ffnet in neuem Tab)\">Judo<\/a><\/li><li><a href=\"https:\/\/tsv-benshausen.de\/?page_id=40\" target=\"_blank\" rel=\"noreferrer noopener\" aria-label=\"Kegeln (\u00f6ffnet in neuem Tab)\">Kegeln<\/a><\/li><li><a href=\"https:\/\/tsv-benshausen.de\/?page_id=42\" target=\"_blank\" rel=\"noreferrer noopener\" aria-label=\"Rollstuhl-Basketball\u2028 (\u00f6ffnet in neuem Tab)\">Rollstuhl-Basketball<\/a><\/li><li><a href=\"https:\/\/tsv-benshausen.de\/?page_id=44\" target=\"_blank\" rel=\"noreferrer noopener\" aria-label=\"Schach (\u00f6ffnet in neuem Tab)\">Schach<\/a><\/li><li><a href=\"https:\/\/tsv-benshausen.de\/?page_id=46\" target=\"_blank\" rel=\"noreferrer noopener\" aria-label=\"Turnen (\u00f6ffnet in neuem Tab)\">Turnen<\/a><\/li><li><a href=\"https:\/\/tsv-benshausen.de\/?page_id=48\" target=\"_blank\" rel=\"noreferrer noopener\" aria-label=\"Volleyball (\u00f6ffnet in neuem Tab)\">Volleyball<\/a><\/li><li><a href=\"https:\/\/tsv-benshausen.de\/?page_id=50\" target=\"_blank\" rel=\"noreferrer noopener\" aria-label=\"Wintersport (\u00f6ffnet in neuem Tab)\">Wintersport<\/a><\/li><\/ul>\n\n\n\n<p><\/p>\n","protected":false},"excerpt":{"rendered":"<p>Der TSV 1883 Benshausen e.V. geh\u00f6rt mit deutlich \u00fcber 300 Mitgliedern in 10 Abteilungen zu den gr\u00f6\u00dften Vereinen des Landkreises Schmalkalden-Meiningen. Damit sind ca. 10% der Bensh\u00e4user Bev\u00f6lkerung in unserem [&hellip;]<\/p>\n","protected":false},"author":1,"featured_media":0,"parent":0,"menu_order":1,"comment_status":"closed","ping_status":"closed","template":"","meta":{"footnotes":""},"class_list":["post-16","page","type-page","status-publish","hentry"],"_links":{"self":[{"href":"https:\/\/tsv-benshausen.de\/index.php?rest_route=\/wp\/v2\/pages\/16","targetHints":{"allow":["GET"]}}],"collection":[{"href":"https:\/\/tsv-benshausen.de\/index.php?rest_route=\/wp\/v2\/pages"}],"about":[{"href":"https:\/\/tsv-benshausen.de\/index.php?rest_route=\/wp\/v2\/types\/page"}],"author":[{"embeddable":true,"href":"https:\/\/tsv-benshausen.de\/index.php?rest_route=\/wp\/v2\/users\/1"}],"replies":[{"embeddable":true,"href":"https:\/\/tsv-benshausen.de\/index.php?rest_route=%2Fwp%2Fv2%2Fcomments&post=16"}],"version-history":[{"count":5,"href":"https:\/\/tsv-benshausen.de\/index.php?rest_route=\/wp\/v2\/pages\/16\/revisions"}],"predecessor-version":[{"id":527,"href":"https:\/\/tsv-benshausen.de\/index.php?rest_route=\/wp\/v2\/pages\/16\/revisions\/527"}],"wp:attachment":[{"href":"https:\/\/tsv-benshausen.de\/index.php?rest_route=%2Fwp%2Fv2%2Fmedia&parent=16"}],"curies":[{"name":"wp","href":"https:\/\/api.w.org\/{rel}","templated":true}]}}