{"id":34,"date":"2013-11-28T20:02:08","date_gmt":"2013-11-28T20:02:08","guid":{"rendered":"http:\/\/tsv-benshausen.de\/?page_id=34"},"modified":"2014-05-19T20:56:55","modified_gmt":"2014-05-19T20:56:55","slug":"breitensport","status":"publish","type":"page","link":"https:\/\/tsv-benshausen.de\/?page_id=34","title":{"rendered":"Breitensport"},"content":{"rendered":"<h2><strong><em>Unsere Abteilung bietet interessierten Sportlern (und solchen, die es werden wollen):<\/em><\/strong><\/h2>\n<table border=\"0\" width=\"100%\" cellspacing=\"0\" cellpadding=\"0\">\n<tbody>\n<tr>\n<td width=\"66%\"><b>Angesprochen werden alle, die fit bleiben wollen und sind<\/b><br \/>\n(keine Altersbegrenzung)<i>Trainingsangebote in der Turnhalle<\/i><\/p>\n<ul>\n<li>Aerobic (mit u. ohne Ger\u00e4ten, z.B. Stepbrettern)<\/li>\n<li>Bauch-Beine-Po-Programm, Pilates (mit Kleinger\u00e4ten wie B\u00e4nder, Reifen, B\u00e4lle, Hanteln)<\/li>\n<li>Entspannungs\u00fcbungen (z.B. chinesische Vorlagen, Yoga usw.)<\/li>\n<li>Kraftkreise (Nutzung von Sprossenwand, Kletterstangen, B\u00e4nke, Medizinb\u00e4lle usw.)<\/li>\n<li>Vorbereitung auf die Au\u00dfensaison (z.B. Laufschule, Ausdauertraining)<\/li>\n<li>pr\u00e4ventive Arbeit<\/li>\n<\/ul>\n<p><i>Trainingsangebot im Sommer<\/i><\/p>\n<ul>\n<li>Laufschule, Leichtathletik, Wurf- und Sprungdisziplinen<\/li>\n<li>Ausdauertraining durch Walking, Jogging, Radfahren, Schwimmen<\/li>\n<li>Ablegen des Sportabzeichens (fakultativ)<\/li>\n<\/ul>\n<p>2-3 mal j\u00e4hrlich f\u00fchren wir eine gesellige Radtour oder Wanderung durch.<\/p>\n<p>&nbsp;<\/td>\n<td><b>Ansprechpartner:<\/b><\/p>\n<address>Silke K\u00e4mmer<\/address>\n<address>+49 (0)36843 &#8211; 70972<\/address>\n<p><a href=\"mailto:breitensport@tsv-benshausen.de\">breitensport@tsv-benshausen.de<\/a><\/td>\n<\/tr>\n<tr>\n<td width=\"66%\"><b>Trainingsort<\/b><br \/>\nTraining findet in der Turnhalle statt, im Sommer auf dem Sportplatz<br \/>\n<b>Trainingszeiten<\/b><br \/>\nDienstag 20:00 Uhr bis 21:30 Uhr<\/td>\n<td><\/td>\n<\/tr>\n<\/tbody>\n<\/table>\n","protected":false},"excerpt":{"rendered":"<p>Unsere Abteilung bietet interessierten Sportlern (und solchen, die es werden wollen): Angesprochen werden alle, die fit bleiben wollen und sind (keine Altersbegrenzung)Trainingsangebote in der Turnhalle Aerobic (mit u. ohne Ger\u00e4ten, [&hellip;]<\/p>\n","protected":false},"author":1,"featured_media":74,"parent":16,"menu_order":2,"comment_status":"closed","ping_status":"closed","template":"","meta":{"footnotes":""},"class_list":["post-34","page","type-page","status-publish","has-post-thumbnail","hentry"],"_links":{"self":[{"href":"https:\/\/tsv-benshausen.de\/index.php?rest_route=\/wp\/v2\/pages\/34","targetHints":{"allow":["GET"]}}],"collection":[{"href":"https:\/\/tsv-benshausen.de\/index.php?rest_route=\/wp\/v2\/pages"}],"about":[{"href":"https:\/\/tsv-benshausen.de\/index.php?rest_route=\/wp\/v2\/types\/page"}],"author":[{"embeddable":true,"href":"https:\/\/tsv-benshausen.de\/index.php?rest_route=\/wp\/v2\/users\/1"}],"replies":[{"embeddable":true,"href":"https:\/\/tsv-benshausen.de\/index.php?rest_route=%2Fwp%2Fv2%2Fcomments&post=34"}],"version-history":[{"count":6,"href":"https:\/\/tsv-benshausen.de\/index.php?rest_route=\/wp\/v2\/pages\/34\/revisions"}],"predecessor-version":[{"id":213,"href":"https:\/\/tsv-benshausen.de\/index.php?rest_route=\/wp\/v2\/pages\/34\/revisions\/213"}],"up":[{"embeddable":true,"href":"https:\/\/tsv-benshausen.de\/index.php?rest_route=\/wp\/v2\/pages\/16"}],"wp:featuredmedia":[{"embeddable":true,"href":"https:\/\/tsv-benshausen.de\/index.php?rest_route=\/wp\/v2\/media\/74"}],"wp:attachment":[{"href":"https:\/\/tsv-benshausen.de\/index.php?rest_route=%2Fwp%2Fv2%2Fmedia&parent=34"}],"curies":[{"name":"wp","href":"https:\/\/api.w.org\/{rel}","templated":true}]}}